rime?
False
Is 38414 a composite number?
True
Is 14971 a composite number?
True
Is 16661 prime?
True
Is 602971 a prime number?
True
Is 193255 a prime number?
False
Is 295973 composite?
False
Is 34789 composite?
True
Is 6761 prime?
True
Is 839 a prime number?
True
Is 5711 a prime number?
True
Is 222085 a prime number?
False
Is 4183 a composite number?
True
Is 9561 composite?
True
Is 3427 a prime number?
False
Is 340961 a composite number?
True
Is 1463447 a composite number?
False
Is 956083 prime?
True
Is 50639 prime?
False
Is 10973 a prime number?
True
Is 1247 a composite number?
True
Is 18741 a prime number?
False
Is 2437 a composite number?
False
Is 28286 prime?
False
Is 1536331 composite?
True
Is 19373 a composite number?
False
Is 88069 composite?
False
Is 43187 a composite number?
True
Is 1399 a prime number?
True
Is 21467 composite?
False
Is 6245 prime?
False
Is 1433941 a composite number?
False
Is 68993 prime?
True
Is 13535 composite?
True
Is 30161 a composite number?
False
Is 27597 composite?
True
Is 31 composite?
False
Is 2598817 a prime number?
False
Is 14221 prime?
True
Is 126601 composite?
False
Is 173323 a composite number?
True
Is 67631 a prime number?
True
Is 997769 a prime number?
True
Is 2110099 a composite number?
False
Is 4369 a composite number?
True
Is 21247 composite?
False
Is 16413 a composite number?
True
Is 89877 composite?
True
Is 404509 a prime number?
False
Is 57901 composite?
False
Is 2897 composite?
False
Is 112459 prime?
True
Is 7663 composite?
True
Is 7627 prime?
False
Is 26237 composite?
False
Is 5158 composite?
True
Is 81922 a composite number?
True
Is 1284263 a composite number?
False
Is 1651 a prime number?
False
Is 143581 composite?
True
Is 70373 a prime number?
True
Is 64937 a prime number?
True
Is 33793 composite?
True
Is 67205 a composite number?
True
Is 3302069 composite?
False
Is 3071 a prime number?
False
Is 3299 a prime number?
True
Is 6847 composite?
True
Is 201767 prime?
True
Is 7807 prime?
False
Is 170701 a prime number?
True
Is 29063 prime?
True
Is 551303 a prime number?
False
Is 160313 prime?
True
Is 77113 composite?
True
Is 434981 prime?
True
Is 35417 a prime number?
False
Is 29717 a prime number?
True
Is 228727 a prime number?
False
Is 981767 a composite number?
True
Is 42509 prime?
True
Is 484151 a composite number?
False
Is 63563 a composite number?
True
Is 230369 a composite number?
False
Is 259313 a prime number?
False
Is 169417 a prime number?
False
Is 16519 prime?
True
Is 1099 composite?
True
Is 1302919 composite?
False
Is 802231 a prime number?
True
Is 4853 composite?
True
Is 860447 a composite number?
True
Is 66631 a prime number?
False
Is 237959 a prime number?
True
Is 20627 a prime number?
True
Is 66431 composite?
False
Is 85411 a prime number?
True
Is 5623 prime?
True
Is 13027 composite?
True
Is 372737 a prime number?
False
Is 1041423 a composite number?
True
Is 117289 a prime number?
False
Is 251 prime?
True
Is 125863 prime?
True
Is 134 prime?
False
Is 19151 composite?
True
Is 265 a prime number?
False
Is 36617 a prime number?
False
Is 193773 prime?
False
Is 18623 composite?
True
Is 1163 a composite number?
False
Is 16579 a prime number?
False
Is 332599 a composite number?
True
Is 116221 composite?
True
Is 7403 a prime number?
False
Is 1529 prime?
False
Is 91339 a prime number?
False
Is 126683 prime?
True
Is 677107 a composite number?
False
Is 821 a composite number?
False
Is 405817 a prime number?
True
Is 19959 composite?
True
Is 116201 a prime number?
True
Is 781 a prime number?
False
Is 414943 prime?
False
Is 1330223 composite?
False
Is 1196399 a composite number?
False
Is 398773 prime?
False
Is 572777 a composite number?
False
Is 13073 prime?
False
Is 18947 composite?
False
Is 340757 a composite number?
False
Is 32749 a prime number?
True
Is 9829 a prime number?
True
Is 904279 a composite number?
True
Is 281989 prime?
True
Is 707 composite?
True
Is 463159 composite?
True
Is 10007 a prime number?
True
Is 484987 composite?
False
Is 249979 composite?
True
Is 100267 a composite number?
False
Is 1471 a composite number?
False
Is 6947 prime?
True
Is 713 a composite number?
True
Is 974 a prime number?
False
Is 118661 a prime number?
True
Is 4637 composite?
False
Is 581521 composite?
False
Is 6239 a prime number?
False
Is 13939 a composite number?
True
Is 216997 composite?
True
Is 733 composite?
False
Is 120059 a prime number?
False
Is 2271337 prime?
True
Is 2426 prime?
False
Is 5981 prime?
True
Is 634807 composite?
False
Is 3511 composite?
False
Is 87097 composite?
True
Is 869615 prime?
False
Is 150581 a prime number?
False
Is 383483 prime?
True
Is 2132953 a composite number?
True
Is 190963 a composite number?
True
Is 13 a prime number?
True
Is 2073 prime?
False
Is 51971 composite?
False
Is 3409 prime?
False
Is 257827 a prime number?
False
Is 14479 a prime number?
True
Is 3511645 a composite number?
True
Is 149393 a prime number?
True
Is 403849 a prime number?
True
Is 42281 a prime number?
True
Is 492961 a composite number?
True
Is 825947 a prime number?
True
Is 59333 prime?
True
Is 20807 a composite number?
False
Is 133 prime?
False
Is 376303 composite?
True
Is 192827 prime?
False
Is 77773 prime?
True
Is 1041307 composite?
False
Is 2704385 composite?
True
Is 17269 prime?
False
Is 46559 prime?
True
Is 672445 composite?
True
Is 63914 prime?
False
Is 1165643 a composite number?
False
Is 1037213 prime?
True
Is 55078 a prime number?
False
Is 5245 a prime number?
False
Is 3593 a composite number?
False
Is 1031669 a composite number?
False
Is 142369 a composite number?
False
Is 41254 a composite number?
True
Is 71845 prime?
False
Is 12251 a prime number?
True
Is 17609 composite?
False
Is 433829 composite?
True
Is 833801 prime?
True
Is 57329 a composite number?
False
Is 1132481 a prime number?
False
Is 250421 a composite number?
True
Is 20849 a composite number?
False
Is 2605 composite?
True
Is 43573 prime?
True
Is 49757 a composite number?
False
Is 10349 a prime number?
False
Is 9995 a composite number?
True
Is 7261 a composite number?
True
Is 459113 composite?
False
Is 39359 a prime number?
True
Is 17086 composite?
True
Is 85931 prime?
True
Is 7458983 a composite number?
True
Is 22391 a composite number?
False
Is 1012793 composite?
True
Is 222281 a composite number?
True
Is 60353 a composite number?
False
Is 10561 composite?
True
Is 3293 a composite number?
True
Is 384953 prime?
False
Is 3709247 prime?
False
Is 26807 prime?
False
Is 1190494 composite?
True
Is 88583 prime?
False
Is 690041 a composite number?
True
Is 42557 composite?
False
Is 75079 composite?
False
Is 217867 prime?
False
Is 29269 prime?
True
Is 8509 a prime number?
False
Is 156419 a prime number?
True
Is 771559 composite?
True
Is 133689 a composite number?
True
Is 127321 a prime number?
True
Is 460723 a composite number?
True
Is 33227 a prime number?
False
Is 11857 a prime number?
False
Is 74747 a prime number?
True
Is 77739 composite?
True
Is 32069 composite?
False
Is 17153 composite?
True
Is 5059 composite?
False
Is 5923 composite?
False
Is 1642 a prime number?
False
Is 1038347 composite?
True
Is 3200541 a prime number?
False
Is 327979 prime?
True
Is 73279 a prime number?
False
Is 840053 composite?
False
Is 621337 prime?
True
Is 8311 a prime number?
True
Is 11987 a composite number?
False
Is 4643113 a composite number?
False
Is 1693 a prime number?
True
Is 209877 a prime number?
False
Is 246577 a prime number?
True
Is 44909 a prime number?
True
Is 37703 composite?
True
Is 67793 a composite number?
True
Is 669887 composite?
False
Is 3359 a composite number?
False
Is 34171 prime?
True
Is 1069 composite?
False
Is 1293 a prime number?
False
Is 4517191 a composite number?
True
Is 6709 a composite number?
False
Is 3131263 prime?
True
Is 21179 prime?
True
Is 7613 a composite number?
True
Is 5501 a composite number?
False
Is 101914 composite?
True
Is 9181 a prime number?
True
Is 234587 prime?
True
Is 474059 composite?
False
Is 1477 a composite number?
True
Is 11549 prime?
True
Is 32735 a prime number?
False
Is 302065 composite?
True
Is 1087 a prime number?
True
Is 74197 composite?
False
Is 108079 a composite number?
False
Is 5981 a prime number?
True
Is 3239 a prime number?
False
Is 50497 a prime number?
True
Is 7133 composite?